t are the prime factors of (-179 - (6 - 4))*-1?
181
Suppose 0 = -3*z - t + 4*t + 18, 1 = z + 4*t. Suppose -2*j + 5*b = -28 - 1, z*j + 5 = -3*b. List the prime factors of j*33/6 + -1.
2, 5
Let i = 2 + 2. Suppose i*k + 23 = 2*r - 7, 5*k = 25. Let u = -15 + r. List the prime factors of u.
2, 5
Let l = -376 + 692. What are the prime factors of l?
2, 79
Suppose b - 51 = -2*b. List the prime factors of b.
17
Let t be 7 - (-4)/(-5 + 4). Let o(a) = 3. Let i(m) = m - 1. Let r(y) = i(y) + o(y). List the prime factors of r(t).
5
Let w(f) be the first derivative of -33*f**2/2 - 7. What are the prime factors of w(-1)?
3, 11
Let f = 61 + -36. List the prime factors of f.
5
Let v(d) = -d**3 - 10*d**2 - 17*d - 13. What are the prime factors of v(-9)?
59
Suppose 0 = 4*g - 5 - 11. Let p = -1 + -3. Let r = g - p. What are the prime factors of r?
2
Let w = -196 + 379. List the prime factors of w.
3, 61
Suppose -4 + 2 = -v. Let d be (2/(-5))/(v/(-430)). Suppose a - d = -5*r, -6*a - 12 = -3*a. What are the prime factors of r?
2, 3
Let v = 410 + -246. What are the prime factors of v?
2, 41
Suppose -5*x = -6*x + 24. What are the prime factors of -3 + x - (4 + 0)?
17
Suppose 0*n - 5*n + 165 = 0. Suppose 5*f - 4*u = n, -f - u + 8 = f. Suppose -4*w = -i - 33, 0 = f*w - 5*i + i - 55. List the prime factors of w.
7
List the prime factors of 2/(100/(-36) + 3).
3
Let i = -3 - -3. Let j = i - -8. Suppose -j = -2*u - 2*w, 0 = 5*u - 4*w + 1 - 48. List the prime factors of u.
7
Let x(r) = -2*r**2 - 2*r - 4. Let f be x(-3). Let k = f - -2. Let j = k + 25. What are the prime factors of j?
11
Let p(v) = -7*v**3 - 2*v**2 - 2*v + 1. Let l be p(-2). Let i = l + -37. What are the prime factors of i?
2
Let k(t) = 24*t**2 + 9*t + 9. Let u(r) = 6*r**2 + 2*r + 2. Let i(n) = -2*k(n) + 9*u(n). Let y be i(-1). Suppose -y = -5*j + 29. List the prime factors of j.
7
Suppose -13 - 13 = -k - 3*y, -k + 3*y = 4. List the prime factors of k.
11
Let s(n) = -5*n**2 - 13*n + 2. Let l(g) = 6*g**2 + 14*g - 3. Let u(t) = 4*l(t) + 5*s(t). List the prime factors of u(-6).
2
Let i = 3 + -6. What are the prime factors of 26 + (-3 - i)*-1?
2, 13
Suppose 342 = r - 2*p, 3*r - 6*r + 1021 = -5*p. What are the prime factors of r?
2, 83
Let a be 4/10 + (-13)/(-5). Let c be (-1)/(-2)*(-1 - -1). List the prime factors of 0 - c - (-5 + a).
2
List the prime factors of 3*(-4)/12 + 254/2.
2, 3, 7
Let u be (0 - -2) + (2 - 0). Let v be 16/28*14/u. What are the prime factors of 0/2 + 2 + v?
2
Let o = 80 - 57. Suppose -53 - o = 4*c. Let j = c + 29. What are the prime factors of j?
2, 5
Suppose -2*j = -2*q - 69 + 11, 81 = 3*j + 3*q. Suppose 3*a = 10 - j. What are the prime factors of 2/(-1)*a/4?
3
Let t = 539 + -295. List the prime factors of t.
2, 61
Let h be -25*((-1)/(-1) - 0). List the prime factors of 5/h - 191/(-5).
2, 19
Suppose u - 3*n - 59 = 0, -4*u + 0*u - 4*n = -204. List the prime factors of u.
53
Let q(d) = -3*d**2 + 7*d**2 - d**3 - 2*d**3 + 2*d**3 - 4. List the prime factors of q(3).
5
Let j be 13/3 + (-2)/(-3). Suppose -j*t + 0*k = 4*k - 85, 5*t + 2*k - 75 = 0. What are the prime factors of t?
13
Suppose 5*j - 5*i - 427 = -102, -135 = -2*j - 3*i. What are the prime factors of j?
2, 3, 11
Suppose 60 = -3*d - s, -3 + 29 = -2*d + 4*s. Let w = 49 + d. What are the prime factors of w?
2, 3, 5
Suppose -46 = 7*j + 38. Let i = j - -16. What are the prime factors of i?
2
Suppose 0 = -3*x - 3*x + 252. What are the prime factors of x?
2, 3, 7
Suppose 4*u = 2*u + 94. List the prime factors of u.
47
Suppose 2*w - 17 - 27 = 0. List the prime factors of w.
2, 11
Let l(g) = g + 3. Let u be l(0). Let q = 11 - u. What are the prime factors of q?
2
Suppose -2*t = -268 + 16. What are the prime factors of t?
2, 3, 7
Suppose -2*j + v = -2, -2*v + 6*v - 28 = -4*j. Suppose -j*g = -18 - 12. List the prime factors of g.
2, 5
Let a(p) = p**3 - p**2 + p. Let x be a(0). Suppose -2*n = -5*g - x*n + 6, 0 = -2*g + n + 3. Suppose g*d + 48 = 4*d. List the prime factors of d.
2, 3
Let s be 1 - -1 - 1 - 2. Suppose 2*w - w + 5 = 0. List the prime factors of (3/s)/(w - -4).
3
Let s(l) = -l**2 - 3*l + 2. Let b be s(-4). Let x = b - -3. List the prime factors of (-3 + x)*(-33)/6.
11
Let r = 16 + -11. Let s = 0 + r. Suppose 0*t - s*t = -5*w, -5*w + 3*t + 4 = 0. What are the prime factors of w?
2
Suppose 0 = 4*k - 4 - 4. Suppose -5*p - 2 = 3*l - 104, -5*p - 93 = -k*l. What are the prime factors of l?
3, 13
Suppose 0*r = -r - 2*y + 68, -5*y = -2*r + 118. Suppose -m - m + r = 0. What are the prime factors of m?
2
What are the prime factors of ((-20)/15 + 2)/((-2)/(-342))?
2, 3, 19
Let l(o) = 4*o**2 - 3*o + 2. Let h be l(2). Suppose 4*u - 68 = -3*f, 5*u = h - 2. What are the prime factors of f?
2, 5
What are the prime factors of 141 - ((-3 - -3)/(-2))/(-1)?
3, 47
Let h(j) be the first derivative of -3*j**2/2 - 4*j - 9. Let s be ((-1)/2)/((-2)/(-24)). What are the prime factors of h(s)?
2, 7
Let z = 8 - 7. Let a be ((-4)/1)/((-1)/z). Suppose -i + 5*i - 44 = a*b, 15 = 5*b. List the prime factors of i.
2, 7
Suppose -8*q + 4*q = -140. List the prime factors of q.
5, 7
Suppose 0 = 2*f + 6, 5*f + 143 = -4*k. Let t be k/(-6)*(-9)/6. Let c = t + 19. List the prime factors of c.
11
Let j(n) = -n**3 + 8*n**2 - 2*n + 9. Let i be j(8). Let q = i + 7. Suppose -t + 15 = -q*t. List the prime factors of t.
3, 5
Let b = 0 - 0. Let p = -1 - -4. Suppose -h - p*h + 24 = b. What are the prime factors of h?
2, 3
Let k(d) = 2*d**3 + 2*d**2 + 1. Let z be k(-2). Let r = z - -2. Let c(b) = 2*b**2 + 5*b - 5. What are the prime factors of c(r)?
2, 5
Suppose 2*p = 7*p - 215. Suppose 5*m + 5 = -4*t - 34, m + p = -3*t. List the prime factors of (-102)/(-8) + (-4)/t.
13
Let y = 80 - 114. List the prime factors of -3 - y - (1 + -2).
2
Suppose 0 = -15*q + 17*q - 6. List the prime factors of q.
3
Let l(a) = -a**2 + 11*a + 13. Let y be l(10). Suppose -2*s - 32 = -4*g, -5*g + 63 = -s + y. List the prime factors of g.
2
Suppose -3*h + 6*h - 123 = -3*x, 5*h - 205 = -3*x. Suppose -j - h = 2*p - 104, 144 = 4*p - 4*j. What are the prime factors of p?
3, 11
Suppose 0 = 13*r - 0*r - 2366. List the prime factors of r.
2, 7, 13
Suppose 4*m = m, m = -2*b + 54. What are the prime factors of b?
3
Let j(w) be the second derivative of -w**4/12 + 5*w**3/2 - 19*w**2/2 + 2*w. What are the prime factors of j(13)?
7
Suppose -16 = -2*f - 4*t, -3*t = -f - t - 4. Suppose 0*j = j. Suppose 2*o - 4*x = 18, 4*o + j*o + f*x - 6 = 0. List the prime factors of o.
3
Let o(q) = 2*q**2 - 3*q - 2. List the prime factors of o(-4).
2, 3, 7
Let q(a) = a**3 + 5*a**2 + 2*a. Let j be q(-5). What are the prime factors of (5/j)/(1/(-40))?
2, 5
Suppose a = -0*a + 132. List the prime factors of a.
2, 3, 11
Let c = -62 - -114. Suppose 3*b + c = 5*b. What are the prime factors of b?
2, 13
Let i be (-3)/2*(-16)/12. Suppose 2*l - 16 = -i. What are the prime factors of l?
7
Let i be 6/(2*(2 - 1)). Suppose 0*p - 24 = -3*g - i*p, 0 = 2*p - 6. List the prime factors of g.
5
Suppose -2*p = -3*s + 15, 5*p - 3 = -5*s + 22. Suppose 0 = -p*q - 4*q + 24. Suppose -q*x + 4*x = -14. List the prime factors of x.
7
Suppose -7 + 3 = -2*f. Let g(q) = -7*q - 1. Let p be g(-4). Suppose -f*z + p = z. What are the prime factors of z?
3
Let i(u) = u + 34. List the prime factors of i(-32).
2
Let w(u) = 5 + 2*u**2 + 1 + 3*u - 2 + 0. List the prime factors of w(-3).
13
Let m(k) = 7*k**3 - 8*k**2 + 12*k + 6. Let w(q) = 6*q**3 - 9*q**2 + 12*q + 5. Let d(r) = 5*m(r) - 6*w(r). Let f = -18 - -31. What are the prime factors of d(f)?
13
Suppose 4*v + 11 = -6*s + 3*s, 0 = 5*s - 4*v + 61. Let l = s - -16. List the prime factors of l.
7
Let h = -2 - -12. List the prime factors of h.
2, 5
Let v = -24 - -41. What are the prime factors of v?
17
Let m be (472/(-16))/(1/2). Let f = m - -85. List the prime factors of f.
2, 13
Let x(c) = -2*c**2 - 3*c + 75. What are the prime factors of x(0)?
3, 5
Let f(l) = -l**2 - 15*l - 6. List the prime factors of f(-10).
2, 11
Let z(h) = 11*h**2 - 2*h - 1. Let r be z(-1). Let f be (-2)/(-3) - (-4)/3. Suppose f*q = 6 + r. What are the prime factors of q?
3
Let l(t) = 57*t**2 - 2*t + 1. Let k(j) = -j + 9. Let b be k(8). Let c be l(b). Suppose 4*y - 32 = -4*u, c = 5*y - 0*y + u. What are the prime factors of y?
2, 3
Let g(x) = 2*x - 7. Le